{"id":285,"date":"2026-03-09T18:28:58","date_gmt":"2026-03-09T18:28:58","guid":{"rendered":"https:\/\/terciolegal.com\/?page_id=285"},"modified":"2026-03-10T11:50:33","modified_gmt":"2026-03-10T11:50:33","slug":"penal","status":"publish","type":"page","link":"https:\/\/terciolegal.com\/?page_id=285","title":{"rendered":"penal"},"content":{"rendered":"\t\t<div data-elementor-type=\"wp-page\" data-elementor-id=\"285\" class=\"elementor elementor-285\">\n\t\t\t\t\t\t<section class=\"elementor-section elementor-top-section elementor-element elementor-element-1c004bf elementor-section-boxed elementor-section-height-default elementor-section-height-default\" data-id=\"1c004bf\" data-element_type=\"section\" data-e-type=\"section\">\n\t\t\t\t\t\t<div class=\"elementor-container elementor-column-gap-default\">\n\t\t\t\t\t<div class=\"elementor-column elementor-col-100 elementor-top-column elementor-element elementor-element-b435043\" data-id=\"b435043\" data-element_type=\"column\" data-e-type=\"column\">\n\t\t\t<div class=\"elementor-widget-wrap elementor-element-populated\">\n\t\t\t\t\t\t<div class=\"elementor-element elementor-element-566f8d3 elementor-widget elementor-widget-heading\" data-id=\"566f8d3\" data-element_type=\"widget\" data-e-type=\"widget\" data-widget_type=\"heading.default\">\n\t\t\t\t<div class=\"elementor-widget-container\">\n\t\t\t\t\t<h2 class=\"elementor-heading-title elementor-size-default\">Abogado penal           <\/h2>\t\t\t\t<\/div>\n\t\t\t\t<\/div>\n\t\t\t\t\t<\/div>\n\t\t<\/div>\n\t\t\t\t\t<\/div>\n\t\t<\/section>\n\t\t\t\t<section class=\"elementor-section elementor-top-section elementor-element elementor-element-0b5f115 elementor-section-boxed elementor-section-height-default elementor-section-height-default\" data-id=\"0b5f115\" data-element_type=\"section\" data-e-type=\"section\">\n\t\t\t\t\t\t<div class=\"elementor-container elementor-column-gap-default\">\n\t\t\t\t\t<div class=\"elementor-column elementor-col-50 elementor-top-column elementor-element elementor-element-86b7caa\" data-id=\"86b7caa\" data-element_type=\"column\" data-e-type=\"column\">\n\t\t\t<div class=\"elementor-widget-wrap elementor-element-populated\">\n\t\t\t\t\t\t<div class=\"elementor-element elementor-element-1a3a95f elementor-widget elementor-widget-text-editor\" data-id=\"1a3a95f\" data-element_type=\"widget\" data-e-type=\"widget\" data-widget_type=\"text-editor.default\">\n\t\t\t\t<div class=\"elementor-widget-container\">\n\t\t\t\t\t\t\t\t\t<p>\u00a0<\/p><p>\u00a0<\/p><p><span class=\"\">Nuestro despacho en Madrid est\u00e1 especializado en\u00a0<\/span><strong>derecho penal<\/strong><span class=\"\">, ofreciendo defensa legal integral a particulares y empresas en cualquier tipo de procedimiento penal. En\u00a0<\/span><strong>Tercio Legal<\/strong><span class=\"\">\u00a0trabajamos con profesionalidad, discreci\u00f3n y m\u00e1xima dedicaci\u00f3n, asegurando que tus derechos est\u00e9n siempre protegidos.<\/span><\/p>\t\t\t\t\t\t\t\t<\/div>\n\t\t\t\t<\/div>\n\t\t\t\t\t<\/div>\n\t\t<\/div>\n\t\t\t\t<div class=\"elementor-column elementor-col-50 elementor-top-column elementor-element elementor-element-bcbe096\" data-id=\"bcbe096\" data-element_type=\"column\" data-e-type=\"column\">\n\t\t\t<div class=\"elementor-widget-wrap elementor-element-populated\">\n\t\t\t\t\t\t<div class=\"elementor-element elementor-element-4f103e8 elementor-widget elementor-widget-text-editor\" data-id=\"4f103e8\" data-element_type=\"widget\" data-e-type=\"widget\" data-widget_type=\"text-editor.default\">\n\t\t\t\t<div class=\"elementor-widget-container\">\n\t\t\t\t\t\t\t\t\t<h4 class=\"size-16 t-size-16 m-size-16\"><span class=\"font-size-16 t-font-size-16 m-font-size-16\">Defensa en procesos penales<\/span><\/h4><p>Nos encargamos de la <strong>representaci\u00f3n legal en juicios penales<\/strong>, defensa frente a acusaciones y asistencia durante todo el proceso judicial. Nuestro equipo analiza cada caso con detalle para ofrecer la estrategia m\u00e1s adecuada y efectiva.<\/p><h4 class=\"size-16 t-size-16 m-size-16\"><span class=\"font-size-16 t-font-size-16 m-font-size-16\">Asesoramiento penal y prevenci\u00f3n de riesgos<\/span><\/h4><p>Adem\u00e1s de la defensa, brindamos\u00a0<strong>asesoramiento legal penal preventivo<\/strong>, ayudando a nuestros clientes a evitar conflictos y sanciones mediante la correcta actuaci\u00f3n ante situaciones de riesgo.<\/p>\t\t\t\t\t\t\t\t<\/div>\n\t\t\t\t<\/div>\n\t\t\t\t\t<\/div>\n\t\t<\/div>\n\t\t\t\t\t<\/div>\n\t\t<\/section>\n\t\t\t\t<section class=\"elementor-section elementor-top-section elementor-element elementor-element-ec248a8 elementor-section-boxed elementor-section-height-default elementor-section-height-default\" data-id=\"ec248a8\" data-element_type=\"section\" data-e-type=\"section\">\n\t\t\t\t\t\t<div class=\"elementor-container elementor-column-gap-default\">\n\t\t\t\t\t<div class=\"elementor-column elementor-col-100 elementor-top-column elementor-element elementor-element-0e4d279\" data-id=\"0e4d279\" data-element_type=\"column\" data-e-type=\"column\">\n\t\t\t<div class=\"elementor-widget-wrap elementor-element-populated\">\n\t\t\t\t\t\t<div class=\"elementor-element elementor-element-122b74c elementor-widget elementor-widget-image\" data-id=\"122b74c\" data-element_type=\"widget\" data-e-type=\"widget\" data-widget_type=\"image.default\">\n\t\t\t\t<div class=\"elementor-widget-container\">\n\t\t\t\t\t\t\t\t\t\t\t\t\t\t\t<img fetchpriority=\"high\" decoding=\"async\" width=\"1024\" height=\"176\" src=\"https:\/\/terciolegal.com\/wp-content\/uploads\/2026\/03\/Direccion-1024x176.png\" class=\"attachment-large size-large wp-image-679\" alt=\"\" srcset=\"https:\/\/terciolegal.com\/wp-content\/uploads\/2026\/03\/Direccion-1024x176.png 1024w, https:\/\/terciolegal.com\/wp-content\/uploads\/2026\/03\/Direccion-300x52.png 300w, https:\/\/terciolegal.com\/wp-content\/uploads\/2026\/03\/Direccion-768x132.png 768w, https:\/\/terciolegal.com\/wp-content\/uploads\/2026\/03\/Direccion.png 1333w\" sizes=\"(max-width: 1024px) 100vw, 1024px\" \/>\t\t\t\t\t\t\t\t\t\t\t\t\t\t\t<\/div>\n\t\t\t\t<\/div>\n\t\t\t\t\t<\/div>\n\t\t<\/div>\n\t\t\t\t\t<\/div>\n\t\t<\/section>\n\t\t\t\t<\/div>\n\t\t","protected":false},"excerpt":{"rendered":"<p>Abogado penal \u00a0 \u00a0 Nuestro despacho en Madrid est\u00e1 especializado en\u00a0derecho penal, ofreciendo defensa legal integral a particulares y empresas en cualquier tipo de procedimiento penal. En\u00a0Tercio Legal\u00a0trabajamos con profesionalidad, discreci\u00f3n y m\u00e1xima dedicaci\u00f3n, asegurando que tus derechos est\u00e9n siempre protegidos. Defensa en procesos penales Nos encargamos de la representaci\u00f3n legal en juicios penales, defensa [&hellip;]<\/p>\n","protected":false},"author":1,"featured_media":0,"parent":0,"menu_order":0,"comment_status":"closed","ping_status":"closed","template":"","meta":{"footnotes":""},"class_list":["post-285","page","type-page","status-publish","hentry"],"_links":{"self":[{"href":"https:\/\/terciolegal.com\/index.php?rest_route=\/wp\/v2\/pages\/285","targetHints":{"allow":["GET"]}}],"collection":[{"href":"https:\/\/terciolegal.com\/index.php?rest_route=\/wp\/v2\/pages"}],"about":[{"href":"https:\/\/terciolegal.com\/index.php?rest_route=\/wp\/v2\/types\/page"}],"author":[{"embeddable":true,"href":"https:\/\/terciolegal.com\/index.php?rest_route=\/wp\/v2\/users\/1"}],"replies":[{"embeddable":true,"href":"https:\/\/terciolegal.com\/index.php?rest_route=%2Fwp%2Fv2%2Fcomments&post=285"}],"version-history":[{"count":0,"href":"https:\/\/terciolegal.com\/index.php?rest_route=\/wp\/v2\/pages\/285\/revisions"}],"wp:attachment":[{"href":"https:\/\/terciolegal.com\/index.php?rest_route=%2Fwp%2Fv2%2Fmedia&parent=285"}],"curies":[{"name":"wp","href":"https:\/\/api.w.org\/{rel}","templated":true}]}}