{"id":286,"date":"2026-03-09T18:28:58","date_gmt":"2026-03-09T18:28:58","guid":{"rendered":"https:\/\/terciolegal.com\/?page_id=286"},"modified":"2026-03-10T11:12:59","modified_gmt":"2026-03-10T11:12:59","slug":"laboral","status":"publish","type":"page","link":"https:\/\/terciolegal.com\/?page_id=286","title":{"rendered":"laboral"},"content":{"rendered":"\t\t<div data-elementor-type=\"wp-page\" data-elementor-id=\"286\" class=\"elementor elementor-286\">\n\t\t\t\t\t\t<section class=\"elementor-section elementor-top-section elementor-element elementor-element-b415bd5 elementor-section-boxed elementor-section-height-default elementor-section-height-default\" data-id=\"b415bd5\" data-element_type=\"section\" data-e-type=\"section\">\n\t\t\t\t\t\t<div class=\"elementor-container elementor-column-gap-default\">\n\t\t\t\t\t<div class=\"elementor-column elementor-col-100 elementor-top-column elementor-element elementor-element-d985b39\" data-id=\"d985b39\" data-element_type=\"column\" data-e-type=\"column\">\n\t\t\t<div class=\"elementor-widget-wrap elementor-element-populated\">\n\t\t\t\t\t\t<div class=\"elementor-element elementor-element-c88d98b elementor-widget elementor-widget-heading\" data-id=\"c88d98b\" data-element_type=\"widget\" data-e-type=\"widget\" data-widget_type=\"heading.default\">\n\t\t\t\t<div class=\"elementor-widget-container\">\n\t\t\t\t\t<h2 class=\"elementor-heading-title elementor-size-default\">Abogado laboral<\/h2>\t\t\t\t<\/div>\n\t\t\t\t<\/div>\n\t\t\t\t\t<\/div>\n\t\t<\/div>\n\t\t\t\t\t<\/div>\n\t\t<\/section>\n\t\t\t\t<section class=\"elementor-section elementor-top-section elementor-element elementor-element-93f975b elementor-section-boxed elementor-section-height-default elementor-section-height-default\" data-id=\"93f975b\" data-element_type=\"section\" data-e-type=\"section\">\n\t\t\t\t\t\t<div class=\"elementor-container elementor-column-gap-default\">\n\t\t\t\t\t<div class=\"elementor-column elementor-col-50 elementor-top-column elementor-element elementor-element-580ecf1\" data-id=\"580ecf1\" data-element_type=\"column\" data-e-type=\"column\">\n\t\t\t<div class=\"elementor-widget-wrap elementor-element-populated\">\n\t\t\t\t\t\t<div class=\"elementor-element elementor-element-e139b91 elementor-widget elementor-widget-text-editor\" data-id=\"e139b91\" data-element_type=\"widget\" data-e-type=\"widget\" data-widget_type=\"text-editor.default\">\n\t\t\t\t<div class=\"elementor-widget-container\">\n\t\t\t\t\t\t\t\t\t<p>\u00a0<\/p><p>\u00a0<\/p><p>\u00a0<\/p><p><span class=\"\">En\u00a0<\/span><strong>Tercio Legal<\/strong><span class=\"\">\u00a0ofrecemos servicios especializados en\u00a0<\/span><strong>derecho laboral<\/strong>, asesorando a trabajadores y empresas en todos los aspectos relacionados con el \u00e1mbito laboral. Nuestro despacho jur\u00eddico garantiza soluciones efectivas y personalizadas para cada situaci\u00f3n.<\/p>\t\t\t\t\t\t\t\t<\/div>\n\t\t\t\t<\/div>\n\t\t\t\t\t<\/div>\n\t\t<\/div>\n\t\t\t\t<div class=\"elementor-column elementor-col-50 elementor-top-column elementor-element elementor-element-9e713d9\" data-id=\"9e713d9\" data-element_type=\"column\" data-e-type=\"column\">\n\t\t\t<div class=\"elementor-widget-wrap elementor-element-populated\">\n\t\t\t\t\t\t<div class=\"elementor-element elementor-element-e4cec52 elementor-widget elementor-widget-text-editor\" data-id=\"e4cec52\" data-element_type=\"widget\" data-e-type=\"widget\" data-widget_type=\"text-editor.default\">\n\t\t\t\t<div class=\"elementor-widget-container\">\n\t\t\t\t\t\t\t\t\t<h4 class=\"size-16 t-size-16 m-size-16\"><span class=\"font-size-16 t-font-size-16 m-font-size-16\">Asesoramiento y defensa de trabajadores<\/span><\/h4><p>Defendemos los derechos de los trabajadores en\u00a0<strong>despidos, reclamaciones de salarios, sanciones y conflictos laborales<\/strong>, asegurando una gesti\u00f3n profesional y eficiente de cada caso.<\/p><h4 class=\"size-16 t-size-16 m-size-16\"><span class=\"font-size-16 t-font-size-16 m-font-size-16\">Asesoramiento y apoyo a empresas<\/span><\/h4><p>Tambi\u00e9n ofrecemos\u00a0<strong>asesor\u00eda laboral para empresas<\/strong>, incluyendo contrataci\u00f3n, convenios colectivos, n\u00f3minas y prevenci\u00f3n de conflictos. Nuestro objetivo es garantizar el cumplimiento normativo y proteger los intereses de la empresa.<\/p>\t\t\t\t\t\t\t\t<\/div>\n\t\t\t\t<\/div>\n\t\t\t\t\t<\/div>\n\t\t<\/div>\n\t\t\t\t\t<\/div>\n\t\t<\/section>\n\t\t\t\t<section class=\"elementor-section elementor-top-section elementor-element elementor-element-fd7e05b elementor-section-boxed elementor-section-height-default elementor-section-height-default\" data-id=\"fd7e05b\" data-element_type=\"section\" data-e-type=\"section\">\n\t\t\t\t\t\t<div class=\"elementor-container elementor-column-gap-default\">\n\t\t\t\t\t<div class=\"elementor-column elementor-col-100 elementor-top-column elementor-element elementor-element-c87d7e9\" data-id=\"c87d7e9\" data-element_type=\"column\" data-e-type=\"column\">\n\t\t\t<div class=\"elementor-widget-wrap elementor-element-populated\">\n\t\t\t\t\t\t<div class=\"elementor-element elementor-element-b7eafae elementor-widget elementor-widget-image\" data-id=\"b7eafae\" data-element_type=\"widget\" data-e-type=\"widget\" data-widget_type=\"image.default\">\n\t\t\t\t<div class=\"elementor-widget-container\">\n\t\t\t\t\t\t\t\t\t\t\t\t\t\t\t<img fetchpriority=\"high\" decoding=\"async\" width=\"1024\" height=\"176\" src=\"https:\/\/terciolegal.com\/wp-content\/uploads\/2026\/03\/Direccion-1024x176.png\" class=\"attachment-large size-large wp-image-679\" alt=\"\" srcset=\"https:\/\/terciolegal.com\/wp-content\/uploads\/2026\/03\/Direccion-1024x176.png 1024w, https:\/\/terciolegal.com\/wp-content\/uploads\/2026\/03\/Direccion-300x52.png 300w, https:\/\/terciolegal.com\/wp-content\/uploads\/2026\/03\/Direccion-768x132.png 768w, https:\/\/terciolegal.com\/wp-content\/uploads\/2026\/03\/Direccion.png 1333w\" sizes=\"(max-width: 1024px) 100vw, 1024px\" \/>\t\t\t\t\t\t\t\t\t\t\t\t\t\t\t<\/div>\n\t\t\t\t<\/div>\n\t\t\t\t\t<\/div>\n\t\t<\/div>\n\t\t\t\t\t<\/div>\n\t\t<\/section>\n\t\t\t\t<\/div>\n\t\t","protected":false},"excerpt":{"rendered":"<p>Abogado laboral \u00a0 \u00a0 \u00a0 En\u00a0Tercio Legal\u00a0ofrecemos servicios especializados en\u00a0derecho laboral, asesorando a trabajadores y empresas en todos los aspectos relacionados con el \u00e1mbito laboral. Nuestro despacho jur\u00eddico garantiza soluciones efectivas y personalizadas para cada situaci\u00f3n. Asesoramiento y defensa de trabajadores Defendemos los derechos de los trabajadores en\u00a0despidos, reclamaciones de salarios, sanciones y conflictos laborales, [&hellip;]<\/p>\n","protected":false},"author":1,"featured_media":0,"parent":0,"menu_order":0,"comment_status":"closed","ping_status":"closed","template":"","meta":{"footnotes":""},"class_list":["post-286","page","type-page","status-publish","hentry"],"_links":{"self":[{"href":"https:\/\/terciolegal.com\/index.php?rest_route=\/wp\/v2\/pages\/286","targetHints":{"allow":["GET"]}}],"collection":[{"href":"https:\/\/terciolegal.com\/index.php?rest_route=\/wp\/v2\/pages"}],"about":[{"href":"https:\/\/terciolegal.com\/index.php?rest_route=\/wp\/v2\/types\/page"}],"author":[{"embeddable":true,"href":"https:\/\/terciolegal.com\/index.php?rest_route=\/wp\/v2\/users\/1"}],"replies":[{"embeddable":true,"href":"https:\/\/terciolegal.com\/index.php?rest_route=%2Fwp%2Fv2%2Fcomments&post=286"}],"version-history":[{"count":0,"href":"https:\/\/terciolegal.com\/index.php?rest_route=\/wp\/v2\/pages\/286\/revisions"}],"wp:attachment":[{"href":"https:\/\/terciolegal.com\/index.php?rest_route=%2Fwp%2Fv2%2Fmedia&parent=286"}],"curies":[{"name":"wp","href":"https:\/\/api.w.org\/{rel}","templated":true}]}}